-13)?
115
Let q(t) = t**2 - 101*t - 39677. Determine q(-155).
3
Let s(d) = 329*d**2 + 328*d + 68. Give s(-1).
69
Let o(h) = -13*h**2 - 152*h + 159. Give o(-13).
-62
Let b(s) = -92*s + 4886. Calculate b(70).
-1554
Let c(p) = -29215*p + 379803. Calculate c(13).
8
Let v(j) = 4*j**3 + 33*j**2 + 30775*j + 246131. Calculate v(-8).
-5
Let d(p) = 22927*p + 92180. Give d(-4).
472
Let m(p) = 3*p**3 - 90*p**2 + 139*p. Calculate m(28).
-812
Let f(h) = h**3 + 68*h**2 - 108*h - 2655. What is f(-69)?
36
Let k(b) = 8*b**3 + 746*b**2 - 38547*b - 240. What is k(37)?
19
Let n(q) = -q**3 + 67*q**2 - 381*q + 312. Determine n(61).
-603
Let a(o) = -362*o - 79164. Give a(-215).
-1334
Let g(n) = n**3 + 11*n**2 - 879*n + 12. Calculate g(0).
12
Let c(v) = -v**2 - 19*v + 256. Determine c(12).
-116
Let x(l) = 61*l**2 - 27186*l + 54368. What is x(2)?
240
Let c(h) = 14*h**2 + 1406*h - 19896. Calculate c(-113).
-8
Let w(b) = b**3 - 2944*b**2 - 32502*b + 27. Calculate w(-11).
-6
Let l(o) = -22842*o + 2444146. Calculate l(107).
52
Let l(v) = 12*v**3 - 603*v**2 - 400*v - 3035. Calculate l(51).
-26
Let v(i) = 14252*i + 4190077. What is v(-294)?
-11
Let w(q) = -645*q**2 + 1849*q + 44. Calculate w(3).
-214
Let m(u) = -65990*u + 725870. What is m(11)?
-20
Let k(n) = 2564*n + 66655. Give k(-26).
-9
Let y(h) = 735*h + 129365. What is y(-176)?
5
Let w(x) = -x**3 + 8*x**2 + 96*x + 327. Give w(-7).
390
Let v(g) = -3*g**2 + 362*g - 8386. What is v(89)?
69
Let j(o) = -480*o + 74247. Calculate j(155).
-153
Let o(n) = -2655*n + 246916. Give o(93).
1
Let j(u) = u**3 - 25*u**2 - 863*u + 1608. Determine j(44).
420
Let s(b) = b**3 - 340*b**2 - 4*b + 885. Determine s(340).
-475
Let a(n) = 14740*n + 250569. Calculate a(-17).
-11
Let n(o) = -6*o**3 - 4*o**2 - 4886*o - 9. Give n(0).
-9
Let h(z) = -10*z**2 + 77*z - 555. Determine h(9).
-672
Let m(v) = 298*v**2 + 6264*v + 11. What is m(-21)?
-115
Let f(d) = 16*d**2 - 514*d - 3034. Calculate f(-6).
626
Let o(z) = 22521*z - 180147. Give o(8).
21
Let z(s) = s**3 - 7*s**2 + 32334*s - 193880. What is z(6)?
88
Let y(n) = -n**3 + 27*n**2 + 166*n - 1081. What is y(7)?
1061
Let j(p) = p**3 - 178*p**2 + 2733*p + 84. What is j(17)?
16
Let i(g) = -67*g**2 + 3121*g + 15. What is i(48)?
-4545
Let v(m) = -22027*m - 2665261. Determine v(-121).
6
Let i(y) = -5*y**2 - 403*y - 8100. Calculate i(-40).
20
Let f(q) = -2881*q - 196034. Calculate f(-68).
-126
Let i(t) = -2*t**2 + 519*t + 15403. Calculate i(-27).
-68
Let q(w) = 5129*w + 138444. Give q(-27).
-39
Let l(w) = -4*w**2 + 1242*w + 9541. Calculate l(318).
1
Let a(v) = -v**3 - 122*v**2 + 294*v + 51384. Calculate a(-121).
1169
Let a(y) = 4*y**2 - 20*y - 587. Give a(-15).
613
Let w(n) = 5688*n - 4298. Give w(1).
1390
Let h(r) = -29630*r**2 + 1037051*r - 28. Give h(35).
7
Let z(n) = n**2 - 962*n + 50837. Determine z(56).
101
Let l(n) = n**3 - 371*n**2 - 886*n + 52224. What is l(373)?
4
Let w(r) = r**2 - 180045*r + 3960488. Give w(22).
-18
Let q(g) = g**3 + 97*g**2 - 884*g - 4624. Give q(-105).
-4
Let l(g) = 123*g + 9725. What is l(-78)?
131
Let l(a) = -a**2 + 4312*a + 799200. What is l(-178)?
-20
Let b(d) = -d**3 - 1143*d**2 - 7948*d + 44. Give b(-7).
16
Let b(y) = 5788*y - 5344. Calculate b(0).
-5344
Let n(j) = 11*j**3 + 119*j**2 + 357*j + 12. Determine n(-4).
-216
Let w(q) = 2*q**3 - 281*q**2 + 6554*q - 556. Calculate w(111).
-1
Let b(l) = -309*l**2 - 157*l + 917. Give b(-2).
-5
Let y(h) = 20*h**2 + 37*h - 119. Give y(-3).
-50
Let x(r) = 388*r - 20543. Calculate x(53).
21
Let z(b) = -52051*b - 113. Calculate z(0).
-113
Let k(x) = x**3 - 106*x**2 - 1289*x + 233. Calculate k(117).
-1
Let r(n) = n**3 + 56*n**2 - 9926*n - 20067. Determine r(-2).
1
Let y(a) = 333018*a + 4329225. Give y(-13).
-9
Let h(l) = l**3 + 57*l**2 + 384*l - 377. Determine h(-49).
15
Let b(r) = -110284*r + 6065606. What is b(55)?
-14
Let s(b) = 12*b**2 + 543*b - 1022. Determine s(-47).
-35
Let q(s) = -395*s - 5159. Determine q(-13).
-24
Let u(g) = -74*g**2 + 523*g - 791. What is u(6)?
-317
Let s(v) = 11452*v - 22291. Determine s(2).
613
Let u(c) = 393348*c - 393333. Calculate u(1).
15
Let c(n) = 1249*n + 138213. Give c(-110).
823
Let n(r) = r**3 - 248*r**2 + 2153*r - 309. What is n(239)?
169
Let w(z) = -z**3 + 456*z**2 + 914*z + 2509. Determine w(458).
1593
Let p(c) = 10*c**2 - 75709*c - 454279. Calculate p(-6).
335
Let b(g) = -376*g + 511. What is b(2)?
-241
Let w(a) = -5413*a - 75869. Determine w(-14).
-87
Let k(f) = 3*f**2 + 1867*f + 289367. Determine k(-292).
-5
Let u(z) = -936*z + 221264. Calculate u(236).
368
Let p(c) = 2*c**3 - 67*c**2 + 46*c - 513. Calculate p(33).
-84
Let h(m) = -2290*m + 200873. What is h(88)?
-647
Let o(f) = 3*f**3 + 55*f**2 - 250*f - 199. Determine o(-22).
-23
Let g(p) = -2128*p**2 - 21412*p - 1360. Determine g(-10).
-40
Let p(i) = i**3 - 11*i**2 + 275*i - 4569. Give p(14).
-131
Let m(k) = -7*k**2 - 12*k - 108. Determine m(15).
-1863
Let g(w) = -32*w**2 - 560*w - 2142. Calculate g(-12).
-30
Let p(k) = -96*k**2 + 529*k - 1040. Determine p(2).
-366
Let j(t) = -10543*t + 126627. Calculate j(12).
111
Let p(f) = -3920*f - 6130843. Give p(-1564).
37
Let w(o) = 286189*o - 3434230. Determine w(12).
38
Let s(h) = h**2 + 311*h + 22942. Calculate s(-177).
-776
Let a(x) = x**3 - 129*x**2 + 2217*x + 14657. Give a(107).
-2
Let c(t) = -1026*t + 23634. Determine c(23).
36
Let x(b) = 4589*b - 50486. What is x(11)?
-7
Let s(u) = 15*u**2 - 270*u - 7245. What is s(33)?
180
Let j(v) = -6335*v + 1064240. Determine j(168).
-40
Let k(a) = 29783*a + 1072167. Calculate k(-36).
-21
Let r(w) = 882*w - 321658. What is r(364)?
-610
Let w(o) = o**2 - 1111*o - 24859. What is w(-22)?
67
Let y(h) = 21017*h - 105148. Calculate y(5).
-63
Let j(q) = -2340007*q - 28080090. Determine j(-12).
-6
Let b(x) = -x**2 + 123*x + 1704. Determine b(0).
1704
Let z(y) = -y**2 + 13643*y + 54621. Determine z(-4).
33
Let v(z) = z**3 + 12*z**2 + 104*z + 1884. What is v(-16)?
-804
Let h(v) = -9229*v + 18449. Determine h(2).
-9
Let w(s) = -6*s**3 + 6103*s**2 - 1087*s + 71174. Determine w(1017).
-16
Let z(l) = 3616*l + 1920094. What is z(-531)?
-2
Let i(w) = -w**2 + 174*w - 6936. Determine i(62).
8
Let f(i) = -178*i**2 - 251*i - 50. Give f(-2).
-260
Let q(o) = 3*o**2 - 89615*o - 896460. Calculate q(-10).
-10
Let n(a) = -6*a**3 + 2008*a**2 + 2646*a + 14114. Give n(336).
2
Let c(n) = -21149*n - 169324. Give c(-8).
-132
Let i(q) = 261*q + 5431. Give i(-21).
-50
Let y(j) = -26*j**3 + 21*j**2 + 56*j + 15. Calculate y(-3).
738
Let d(f) = 3292*f + 115242. Give d(-35).
22
Let k(i) = 370*i**3 + 1108*i**2 - 46*i - 8. What is k(-3)?
112
Let t(p) = -6*p**2 - 156*p + 153. What is t(-28)?
-183
Let m(g) = g**3 - 212*g**2 + 522*g - 65627. Calculate m(211).
-6
Let a(c) = -c**3 - 28*c**2 - 196*c - 1. What is a(-14)?
-1
Let n(j) = j**2 - 4905*j - 675174. Determine n(-134).
52
Let b(u) = -u**3 - 46*u**2 - 1067*u - 30968. What is b(-39)?
-2
Let j(f) = -9*f**2 + 1079*f + 1184. What is j(121)?
-26
Let h(k) = -2*k**3 - 39*k**2 - 200*k + 269. Give h(-8).
397
Let n(z) = 17*z**2 + 1950*z + 9763. Determine n(-5).
438
Let b(d) = -d**2 + 167*d - 5571. Calculate b(110).
699
Let t(l) = -62260*l + 747135. Determine t(12).
15
Let o(v) = -1065*v - 42631. Determine o(-40).
-31
Let n(b) = 375*b**3 - 895*b**2 + 896*b - 1. Calculate n(1).
375
Let z(o) = -892*o - 790. Give z(-1).
102
Let r(s) = -s**3 + 177*s**2 + 6695*s - 1488. Determine r(209).
-25
Let r(t) = -3*t**3 + 643*t**2 - 315*t + 21608. Calculate r(214).
-6
Let r(a) = -a**2 - 3967*a + 63707. Determine r(16).
-21
Let k(b) = 1453*b - 209357. Calculate k(143).
-1578
Let z(i) = i**2 - 1222*i - 2001343. Calculate z(-930).
17
Let f(a) = 391*a**2 - 7036*a + 40. What is f(18)?
76
Let j(r) = -8917*r + 133757. What is j(15)?
2
Let q(b) = 2462*b - 425926. What is q(173)?
0
Let i(r) = -10*r**2 - 218*r + 251. Give i(-23).
-25
Let i(p) = -2*p**2 - 1686*p - 45651. Give i(-28).
-11
Let a(c) = -1021*c + 15141. Determine a(15).
-174
Let t(s) = 66*s**2 - 183*s + 125. Determine t(4).
449
Let g(p) = 53*p**3 + 941*p**2 + 1510*p + 358. What is g(-16)?
6
Let o(j) = 2*j**2 + 68005*j - 544161. What is o(8)?
7
Let a(s) = -41*s**3 - 443*s**2 + 23*s - 17. Determine a(-10).
-3547
Let j(x) = -47*x**2 + 593*x - 6. Determine j(14).
-916
Let u(i) = 2745*i - 708324. Determine u(258).
-114
